{"id":7556,"date":"2024-11-05T10:35:12","date_gmt":"2024-11-05T08:35:12","guid":{"rendered":"https:\/\/2024.bto.travel\/speaker\/lucho-perez-sanchez\/"},"modified":"2024-11-12T15:47:42","modified_gmt":"2024-11-12T13:47:42","slug":"lucho-perez-sanchez","status":"publish","type":"speakers","link":"https:\/\/2024.bto.travel\/en\/speaker\/lucho-perez-sanchez\/","title":{"rendered":"Lucho Perez Sanchez"},"content":{"rendered":"<p>Con una trayectoria de 11 a\u00f1os en VisitBenidorm, Lucho P\u00e9rez se ha destacado por su dedicaci\u00f3n y habilidad en la gesti\u00f3n de contenido online y la promoci\u00f3n digital del destino tur\u00edstico de Benidorm.<\/p>\n<p>Su trabajo en la Fundaci\u00f3n est\u00e1 orientado a hacer de Benidorm un destino l\u00edder en reputaci\u00f3n online y posicionamiento. Participando en equipo junto a otros profesionales, Adem\u00e1s, Lucho contribuye al desarrollo de un turismo m\u00e1s inclusivo y accesible, fomentando la igualdad de oportunidades en el \u00e1mbito tur\u00edstico tambi\u00e9n en el apartado de online.<\/p>\n","protected":false},"author":4,"featured_media":7021,"template":"","class_list":["post-7556","speakers","type-speakers","status-publish","has-post-thumbnail","hentry"],"acf":{"azienda":"Visit Benidorm","email":"ONLINE@VISITBENIDORM.ES","ruolo":"Content Creator Manager","bidir_speaker_event":[7520],"social_linkedin":"https:\/\/www.linkedin.com\/in\/lucho-p%C3%A9rez-s%C3%A1nchez-76651b162\/","ordinamento":"Perez","modalita_partecipazione":"In presenza"},"yoast_head":"<!-- This site is optimized with the Yoast SEO plugin v24.6 - https:\/\/yoast.com\/wordpress\/plugins\/seo\/ -->\n<title>Lucho Perez Sanchez - BTO2024 | Be Travel Onlife<\/title>\n<meta name=\"robots\" content=\"index, follow, max-snippet:-1, max-image-preview:large, max-video-preview:-1\" \/>\n<link rel=\"canonical\" href=\"https:\/\/2024.bto.travel\/en\/speaker\/lucho-perez-sanchez\/\" \/>\n<meta property=\"og:locale\" content=\"en_US\" \/>\n<meta property=\"og:type\" content=\"article\" \/>\n<meta property=\"og:title\" content=\"Lucho Perez Sanchez - BTO2024 | Be Travel Onlife\" \/>\n<meta property=\"og:description\" content=\"Con una trayectoria de 11 a\u00f1os en VisitBenidorm, Lucho P\u00e9rez se ha destacado por su dedicaci\u00f3n y habilidad en la gesti\u00f3n de contenido online y la promoci\u00f3n digital del destino tur\u00edstico de Benidorm. Su trabajo en la Fundaci\u00f3n est\u00e1 orientado a hacer de Benidorm un destino l\u00edder en reputaci\u00f3n online y posicionamiento. Participando en equipo &hellip; Continued\" \/>\n<meta property=\"og:url\" content=\"https:\/\/2024.bto.travel\/en\/speaker\/lucho-perez-sanchez\/\" \/>\n<meta property=\"og:site_name\" content=\"BTO2024 | Be Travel Onlife\" \/>\n<meta property=\"article:publisher\" content=\"https:\/\/www.facebook.com\/BTO.Official\/\" \/>\n<meta property=\"article:modified_time\" content=\"2024-11-12T13:47:42+00:00\" \/>\n<meta property=\"og:image\" content=\"https:\/\/2024.bto.travel\/wp-content\/uploads\/2024\/11\/foto-Lucho.jpg\" \/>\n\t<meta property=\"og:image:width\" content=\"1080\" \/>\n\t<meta property=\"og:image:height\" content=\"1350\" \/>\n\t<meta property=\"og:image:type\" content=\"image\/jpeg\" \/>\n<meta name=\"twitter:card\" content=\"summary_large_image\" \/>\n<meta name=\"twitter:site\" content=\"@BTO_travel\" \/>\n<meta name=\"twitter:label1\" content=\"Est. reading time\" \/>\n\t<meta name=\"twitter:data1\" content=\"1 minute\" \/>\n<script type=\"application\/ld+json\" class=\"yoast-schema-graph\">{\"@context\":\"https:\/\/schema.org\",\"@graph\":[{\"@type\":\"WebPage\",\"@id\":\"https:\/\/2024.bto.travel\/en\/speaker\/lucho-perez-sanchez\/\",\"url\":\"https:\/\/2024.bto.travel\/en\/speaker\/lucho-perez-sanchez\/\",\"name\":\"Lucho Perez Sanchez - BTO2024 | Be Travel Onlife\",\"isPartOf\":{\"@id\":\"https:\/\/2024.bto.travel\/#website\"},\"primaryImageOfPage\":{\"@id\":\"https:\/\/2024.bto.travel\/en\/speaker\/lucho-perez-sanchez\/#primaryimage\"},\"image\":{\"@id\":\"https:\/\/2024.bto.travel\/en\/speaker\/lucho-perez-sanchez\/#primaryimage\"},\"thumbnailUrl\":\"https:\/\/2024.bto.travel\/wp-content\/uploads\/2024\/11\/foto-Lucho.jpg\",\"datePublished\":\"2024-11-05T08:35:12+00:00\",\"dateModified\":\"2024-11-12T13:47:42+00:00\",\"breadcrumb\":{\"@id\":\"https:\/\/2024.bto.travel\/en\/speaker\/lucho-perez-sanchez\/#breadcrumb\"},\"inLanguage\":\"en-US\",\"potentialAction\":[{\"@type\":\"ReadAction\",\"target\":[\"https:\/\/2024.bto.travel\/en\/speaker\/lucho-perez-sanchez\/\"]}]},{\"@type\":\"ImageObject\",\"inLanguage\":\"en-US\",\"@id\":\"https:\/\/2024.bto.travel\/en\/speaker\/lucho-perez-sanchez\/#primaryimage\",\"url\":\"https:\/\/2024.bto.travel\/wp-content\/uploads\/2024\/11\/foto-Lucho.jpg\",\"contentUrl\":\"https:\/\/2024.bto.travel\/wp-content\/uploads\/2024\/11\/foto-Lucho.jpg\",\"width\":1080,\"height\":1350},{\"@type\":\"BreadcrumbList\",\"@id\":\"https:\/\/2024.bto.travel\/en\/speaker\/lucho-perez-sanchez\/#breadcrumb\",\"itemListElement\":[{\"@type\":\"ListItem\",\"position\":1,\"name\":\"Home\",\"item\":\"https:\/\/2024.bto.travel\/en\/\"},{\"@type\":\"ListItem\",\"position\":2,\"name\":\"Speaker\",\"item\":\"https:\/\/2024.bto.travel\/speaker\/\"},{\"@type\":\"ListItem\",\"position\":3,\"name\":\"Lucho Perez Sanchez\"}]},{\"@type\":\"WebSite\",\"@id\":\"https:\/\/2024.bto.travel\/#website\",\"url\":\"https:\/\/2024.bto.travel\/\",\"name\":\"BTO2024 | Be Travel Onlife\",\"description\":\"BTO 2024: 27-28 november 2024 \u2022 Stazione Leopolda, Florence\",\"publisher\":{\"@id\":\"https:\/\/2024.bto.travel\/#organization\"},\"potentialAction\":[{\"@type\":\"SearchAction\",\"target\":{\"@type\":\"EntryPoint\",\"urlTemplate\":\"https:\/\/2024.bto.travel\/?s={search_term_string}\"},\"query-input\":{\"@type\":\"PropertyValueSpecification\",\"valueRequired\":true,\"valueName\":\"search_term_string\"}}],\"inLanguage\":\"en-US\"},{\"@type\":\"Organization\",\"@id\":\"https:\/\/2024.bto.travel\/#organization\",\"name\":\"BTO2024 | Be Travel Onlife\",\"url\":\"https:\/\/2024.bto.travel\/\",\"logo\":{\"@type\":\"ImageObject\",\"inLanguage\":\"en-US\",\"@id\":\"https:\/\/2024.bto.travel\/#\/schema\/logo\/image\/\",\"url\":\"https:\/\/2024.bto.travel\/wp-content\/uploads\/2022\/09\/Logo-Bto-2022.png\",\"contentUrl\":\"https:\/\/2024.bto.travel\/wp-content\/uploads\/2022\/09\/Logo-Bto-2022.png\",\"width\":109,\"height\":41,\"caption\":\"BTO2024 | Be Travel Onlife\"},\"image\":{\"@id\":\"https:\/\/2024.bto.travel\/#\/schema\/logo\/image\/\"},\"sameAs\":[\"https:\/\/www.facebook.com\/BTO.Official\/\",\"https:\/\/x.com\/BTO_travel\",\"https:\/\/www.instagram.com\/bto_betravelonlife\/\",\"https:\/\/www.youtube.com\/c\/BTOOfficialVideo\",\"https:\/\/www.linkedin.com\/company\/bto-be-travel-onlife\/mycompany\/\"]}]}<\/script>\n<!-- \/ Yoast SEO plugin. -->","yoast_head_json":{"title":"Lucho Perez Sanchez - BTO2024 | Be Travel Onlife","robots":{"index":"index","follow":"follow","max-snippet":"max-snippet:-1","max-image-preview":"max-image-preview:large","max-video-preview":"max-video-preview:-1"},"canonical":"https:\/\/2024.bto.travel\/en\/speaker\/lucho-perez-sanchez\/","og_locale":"en_US","og_type":"article","og_title":"Lucho Perez Sanchez - BTO2024 | Be Travel Onlife","og_description":"Con una trayectoria de 11 a\u00f1os en VisitBenidorm, Lucho P\u00e9rez se ha destacado por su dedicaci\u00f3n y habilidad en la gesti\u00f3n de contenido online y la promoci\u00f3n digital del destino tur\u00edstico de Benidorm. Su trabajo en la Fundaci\u00f3n est\u00e1 orientado a hacer de Benidorm un destino l\u00edder en reputaci\u00f3n online y posicionamiento. Participando en equipo &hellip; Continued","og_url":"https:\/\/2024.bto.travel\/en\/speaker\/lucho-perez-sanchez\/","og_site_name":"BTO2024 | Be Travel Onlife","article_publisher":"https:\/\/www.facebook.com\/BTO.Official\/","article_modified_time":"2024-11-12T13:47:42+00:00","og_image":[{"width":1080,"height":1350,"url":"https:\/\/2024.bto.travel\/wp-content\/uploads\/2024\/11\/foto-Lucho.jpg","type":"image\/jpeg"}],"twitter_card":"summary_large_image","twitter_site":"@BTO_travel","twitter_misc":{"Est. reading time":"1 minute"},"schema":{"@context":"https:\/\/schema.org","@graph":[{"@type":"WebPage","@id":"https:\/\/2024.bto.travel\/en\/speaker\/lucho-perez-sanchez\/","url":"https:\/\/2024.bto.travel\/en\/speaker\/lucho-perez-sanchez\/","name":"Lucho Perez Sanchez - BTO2024 | Be Travel Onlife","isPartOf":{"@id":"https:\/\/2024.bto.travel\/#website"},"primaryImageOfPage":{"@id":"https:\/\/2024.bto.travel\/en\/speaker\/lucho-perez-sanchez\/#primaryimage"},"image":{"@id":"https:\/\/2024.bto.travel\/en\/speaker\/lucho-perez-sanchez\/#primaryimage"},"thumbnailUrl":"https:\/\/2024.bto.travel\/wp-content\/uploads\/2024\/11\/foto-Lucho.jpg","datePublished":"2024-11-05T08:35:12+00:00","dateModified":"2024-11-12T13:47:42+00:00","breadcrumb":{"@id":"https:\/\/2024.bto.travel\/en\/speaker\/lucho-perez-sanchez\/#breadcrumb"},"inLanguage":"en-US","potentialAction":[{"@type":"ReadAction","target":["https:\/\/2024.bto.travel\/en\/speaker\/lucho-perez-sanchez\/"]}]},{"@type":"ImageObject","inLanguage":"en-US","@id":"https:\/\/2024.bto.travel\/en\/speaker\/lucho-perez-sanchez\/#primaryimage","url":"https:\/\/2024.bto.travel\/wp-content\/uploads\/2024\/11\/foto-Lucho.jpg","contentUrl":"https:\/\/2024.bto.travel\/wp-content\/uploads\/2024\/11\/foto-Lucho.jpg","width":1080,"height":1350},{"@type":"BreadcrumbList","@id":"https:\/\/2024.bto.travel\/en\/speaker\/lucho-perez-sanchez\/#breadcrumb","itemListElement":[{"@type":"ListItem","position":1,"name":"Home","item":"https:\/\/2024.bto.travel\/en\/"},{"@type":"ListItem","position":2,"name":"Speaker","item":"https:\/\/2024.bto.travel\/speaker\/"},{"@type":"ListItem","position":3,"name":"Lucho Perez Sanchez"}]},{"@type":"WebSite","@id":"https:\/\/2024.bto.travel\/#website","url":"https:\/\/2024.bto.travel\/","name":"BTO2024 | Be Travel Onlife","description":"BTO 2024: 27-28 november 2024 \u2022 Stazione Leopolda, Florence","publisher":{"@id":"https:\/\/2024.bto.travel\/#organization"},"potentialAction":[{"@type":"SearchAction","target":{"@type":"EntryPoint","urlTemplate":"https:\/\/2024.bto.travel\/?s={search_term_string}"},"query-input":{"@type":"PropertyValueSpecification","valueRequired":true,"valueName":"search_term_string"}}],"inLanguage":"en-US"},{"@type":"Organization","@id":"https:\/\/2024.bto.travel\/#organization","name":"BTO2024 | Be Travel Onlife","url":"https:\/\/2024.bto.travel\/","logo":{"@type":"ImageObject","inLanguage":"en-US","@id":"https:\/\/2024.bto.travel\/#\/schema\/logo\/image\/","url":"https:\/\/2024.bto.travel\/wp-content\/uploads\/2022\/09\/Logo-Bto-2022.png","contentUrl":"https:\/\/2024.bto.travel\/wp-content\/uploads\/2022\/09\/Logo-Bto-2022.png","width":109,"height":41,"caption":"BTO2024 | Be Travel Onlife"},"image":{"@id":"https:\/\/2024.bto.travel\/#\/schema\/logo\/image\/"},"sameAs":["https:\/\/www.facebook.com\/BTO.Official\/","https:\/\/x.com\/BTO_travel","https:\/\/www.instagram.com\/bto_betravelonlife\/","https:\/\/www.youtube.com\/c\/BTOOfficialVideo","https:\/\/www.linkedin.com\/company\/bto-be-travel-onlife\/mycompany\/"]}]}},"_links":{"self":[{"href":"https:\/\/2024.bto.travel\/en\/wp-json\/wp\/v2\/speakers\/7556","targetHints":{"allow":["GET"]}}],"collection":[{"href":"https:\/\/2024.bto.travel\/en\/wp-json\/wp\/v2\/speakers"}],"about":[{"href":"https:\/\/2024.bto.travel\/en\/wp-json\/wp\/v2\/types\/speakers"}],"author":[{"embeddable":true,"href":"https:\/\/2024.bto.travel\/en\/wp-json\/wp\/v2\/users\/4"}],"acf:post":[{"embeddable":true,"href":"https:\/\/2024.bto.travel\/en\/wp-json\/wp\/v2\/eventi\/7520"}],"wp:featuredmedia":[{"embeddable":true,"href":"https:\/\/2024.bto.travel\/en\/wp-json\/wp\/v2\/media\/7021"}],"wp:attachment":[{"href":"https:\/\/2024.bto.travel\/en\/wp-json\/wp\/v2\/media?parent=7556"}],"curies":[{"name":"wp","href":"https:\/\/api.w.org\/{rel}","templated":true}]}}

<p>Con una trayectoria de 11 años en VisitBenidorm, Lucho Pérez se ha destacado por su dedicación y habilidad en la gestión de contenido online y la promoción digital del destino turístico de Benidorm.</p>
<p>Su trabajo en la Fundación está orientado a hacer de Benidorm un destino líder en reputación online y posicionamiento. Participando en equipo junto a otros profesionales, Además, Lucho contribuye al desarrollo de un turismo más inclusivo y accesible, fomentando la igualdad de oportunidades en el ámbito turístico también en el apartado de online.</p>

<!-- This site is optimized with the Yoast SEO plugin v24.6 - https://yoast.com/wordpress/plugins/seo/ -->
<title>Lucho Perez Sanchez - BTO2024 | Be Travel Onlife</title>
<meta name="robots" content="index, follow, max-snippet:-1, max-image-preview:large, max-video-preview:-1" />
<link rel="canonical" href="https://2024.bto.travel/en/speaker/lucho-perez-sanchez/" />
<meta property="og:locale" content="en_US" />
<meta property="og:type" content="article" />
<meta property="og:title" content="Lucho Perez Sanchez - BTO2024 | Be Travel Onlife" />
<meta property="og:description" content="Con una trayectoria de 11 años en VisitBenidorm, Lucho Pérez se ha destacado por su dedicación y habilidad en la gestión de contenido online y la promoción digital del destino turístico de Benidorm. Su trabajo en la Fundación está orientado a hacer de Benidorm un destino líder en reputación online y posicionamiento. Participando en equipo &hellip; Continued" />
<meta property="og:url" content="https://2024.bto.travel/en/speaker/lucho-perez-sanchez/" />
<meta property="og:site_name" content="BTO2024 | Be Travel Onlife" />
<meta property="article:publisher" content="https://www.facebook.com/BTO.Official/" />
<meta property="article:modified_time" content="2024-11-12T13:47:42+00:00" />
<meta property="og:image" content="https://2024.bto.travel/wp-content/uploads/2024/11/foto-Lucho.jpg" />
	<meta property="og:image:width" content="1080" />
	<meta property="og:image:height" content="1350" />
	<meta property="og:image:type" content="image/jpeg" />
<meta name="twitter:card" content="summary_large_image" />
<meta name="twitter:site" content="@BTO_travel" />
<meta name="twitter:label1" content="Est. reading time" />
	<meta name="twitter:data1" content="1 minute" />
<script type="application/ld+json" class="yoast-schema-graph">{"@context":"https://schema.org","@graph":[{"@type":"WebPage","@id":"https://2024.bto.travel/en/speaker/lucho-perez-sanchez/","url":"https://2024.bto.travel/en/speaker/lucho-perez-sanchez/","name":"Lucho Perez Sanchez - BTO2024 | Be Travel Onlife","isPartOf":{"@id":"https://2024.bto.travel/#website"},"primaryImageOfPage":{"@id":"https://2024.bto.travel/en/speaker/lucho-perez-sanchez/#primaryimage"},"image":{"@id":"https://2024.bto.travel/en/speaker/lucho-perez-sanchez/#primaryimage"},"thumbnailUrl":"https://2024.bto.travel/wp-content/uploads/2024/11/foto-Lucho.jpg","datePublished":"2024-11-05T08:35:12+00:00","dateModified":"2024-11-12T13:47:42+00:00","breadcrumb":{"@id":"https://2024.bto.travel/en/speaker/lucho-perez-sanchez/#breadcrumb"},"inLanguage":"en-US","potentialAction":[{"@type":"ReadAction","target":["https://2024.bto.travel/en/speaker/lucho-perez-sanchez/"]}]},{"@type":"ImageObject","inLanguage":"en-US","@id":"https://2024.bto.travel/en/speaker/lucho-perez-sanchez/#primaryimage","url":"https://2024.bto.travel/wp-content/uploads/2024/11/foto-Lucho.jpg","contentUrl":"https://2024.bto.travel/wp-content/uploads/2024/11/foto-Lucho.jpg","width":1080,"height":1350},{"@type":"BreadcrumbList","@id":"https://2024.bto.travel/en/speaker/lucho-perez-sanchez/#breadcrumb","itemListElement":[{"@type":"ListItem","position":1,"name":"Home","item":"https://2024.bto.travel/en/"},{"@type":"ListItem","position":2,"name":"Speaker","item":"https://2024.bto.travel/speaker/"},{"@type":"ListItem","position":3,"name":"Lucho Perez Sanchez"}]},{"@type":"WebSite","@id":"https://2024.bto.travel/#website","url":"https://2024.bto.travel/","name":"BTO2024 | Be Travel Onlife","description":"BTO 2024: 27-28 november 2024 • Stazione Leopolda, Florence","publisher":{"@id":"https://2024.bto.travel/#organization"},"potentialAction":[{"@type":"SearchAction","target":{"@type":"EntryPoint","urlTemplate":"https://2024.bto.travel/?s={search_term_string}"},"query-input":{"@type":"PropertyValueSpecification","valueRequired":true,"valueName":"search_term_string"}}],"inLanguage":"en-US"},{"@type":"Organization","@id":"https://2024.bto.travel/#organization","name":"BTO2024 | Be Travel Onlife","url":"https://2024.bto.travel/","logo":{"@type":"ImageObject","inLanguage":"en-US","@id":"https://2024.bto.travel/#/schema/logo/image/","url":"https://2024.bto.travel/wp-content/uploads/2022/09/Logo-Bto-2022.png","contentUrl":"https://2024.bto.travel/wp-content/uploads/2022/09/Logo-Bto-2022.png","width":109,"height":41,"caption":"BTO2024 | Be Travel Onlife"},"image":{"@id":"https://2024.bto.travel/#/schema/logo/image/"},"sameAs":["https://www.facebook.com/BTO.Official/","https://x.com/BTO_travel","https://www.instagram.com/bto_betravelonlife/","https://www.youtube.com/c/BTOOfficialVideo","https://www.linkedin.com/company/bto-be-travel-onlife/mycompany/"]}]}</script>
<!-- / Yoast SEO plugin. -->

Con una trayectoria de 11 años en VisitBenidorm, Lucho Pérez se ha destacado por su dedicación y habilidad en la gestión de contenido online y la promoción digital del destino turístico de Benidorm. Su trabajo en la Fundación está orientado a hacer de Benidorm un destino líder en reputación online y posicionamiento. Participando en equipo &hellip; Continued
